pose 32 = 2*b - 0*x - 2*x, 3*x = -3*b + 48. What is the greatest common divisor of d and b?
8
Suppose -2*t = -3*a + 537, -422 = -2*a + t - 65. Calculate the highest common divisor of 59 and a.
59
Let n be (-18)/81 + 4/18. Suppose n = -6*p + 3*p + 3. Let w be 1/((-2)/(-52)*p). What is the greatest common divisor of 208 and w?
26
Suppose 128*k = 126*k + 280. What is the highest common factor of 56 and k?
28
Let r(q) = q**2 + 60*q - 336. Let p be r(-66). Let a be (-2)/((-19)/(-10) - 2). Calculate the highest common factor of p and a.
20
Let i(b) = b**2 - 2*b + 2. Let z be i(3). Suppose -z*o - 10 = -0*o. Let u(w) = -6*w + 2. Let l be u(o). Calculate the highest common divisor of 2 and l.
2
Let l(j) = -j**2 + 21*j + 12. Let z be l(19). What is the highest common factor of 60 and z?
10
Suppose -k + 6 = -3. Suppose s = -2*x - s + 136, 3*x + s - 194 = 0. What is the greatest common factor of k and x?
9
Let w be ((-38)/3)/(10/(-825)). What is the highest common divisor of 110 and w?
55
Let q be (-5)/(-10) + 246/4. Suppose -5*t - 22 + q = 0. Suppose t - 3 = w. What is the greatest common divisor of w and 15?
5
Suppose 0*s - 2*c - 2 = -4*s, 0 = s + 4*c + 4. Suppose 3*q = -s*q. Suppose 2*p + 0 - 4 = q. What is the greatest common factor of p and 8?
2
Let o be (-357)/(-9) + 4/(-6). Let x be 138 + (-14)/63 + (-280)/(-45). Let y = x - o. What is the highest common factor of 21 and y?
21
Suppose 387 = -5*y - s + 1515, 0 = -3*s + 9. Suppose -t + 23 = -2. What is the highest common divisor of y and t?
25
Let j be 1*(-1 - 0)*-11. Suppose 82*o - 1254 = 25*o. Calculate the greatest common divisor of j and o.
11
Let v = -5 - -14. Let z(d) = 11*d**2 + 3*d. Suppose 2*h + 3 = h. Let c be z(h). Calculate the highest common divisor of c and v.
9
Let l(z) = -z - 4. Let g be l(-5). Let y be (-29)/(-9) + (-4)/18. Calculate the greatest common divisor of y and g.
1
Let i be ((-5104)/99)/(4/6)*-6. What is the highest common divisor of i and 29?
29
Suppose 92 = 4*a - 2*f, 5*a - 63 = -5*f + 22. Suppose -a = -2*t + 5. What is the highest common divisor of t and 13?
13
Let j be (-7 - -1)*-2*1. Let i(k) = -k**3 + 7*k**2 + 9*k - 6. Suppose 9*b = 4*b + 30. Let l be i(b). What is the greatest common factor of j and l?
12
Let f = -29 - -32. Suppose -3*k - 2*o = -245, -2*o + 7*o = f*k - 280. What is the highest common factor of k and 34?
17
Suppose 7*v = 178 - 10. Let w be (-1)/6 + 196/v. What is the greatest common divisor of 56 and w?
8
Let r = 0 - -6. Suppose 2*t = 2*w + 72, -w - 15 = -5*t + 145. Suppose i = 11 + t. Calculate the greatest common factor of i and r.
6
Let h be 111/2 + -2 + 3/2. Suppose b + 3*x - 37 = 0, 125 = 5*b - 3*x + 6*x. Calculate the greatest common factor of h and b.
11
Suppose 9*g + 2590 = 3202. What is the highest common divisor of 612 and g?
68
Let m be (9/(-6) + -5)/((-5)/(-10)). Let c = 47 + -28. Let h = c + m. Calculate the highest common factor of h and 18.
6
Let b be (-5)/10 + (-62)/(-4). Let d = -5 + b. What is the highest common divisor of 20 and d?
10
Let y(n) be the third derivative of n**4/6 + 2*n**3 + 9*n**2. Let j be y(0). Calculate the greatest common divisor of 12 and j.
12
Let b(v) = -76*v - 65. Let o be b(-6). What is the greatest common factor of o and 23?
23
Let w = -80 + 119. Let o = w + -33. Let k(n) = -n**2 + 5*n + 2. Let v be k(4). What is the greatest common divisor of o and v?
6
Let f = -276 + 298. What is the greatest common factor of 22 and f?
22
Let d be (-111)/4*380/(-57). Calculate the greatest common divisor of 5 and d.
5
Suppose -i - 2*i = -225. Suppose -5*o + 252 - 52 = 4*y, 0 = -4*y + 4*o + 200. What is the greatest common divisor of i and y?
25
Suppose 3*x = -48*x + 2499. What is the greatest common divisor of 539 and x?
49
Let n = -79 - -97. Let q = -2 - -14. Calculate the highest common divisor of q and n.
6
Let y(h) = 15*h + 66. Let r be y(-4). Calculate the greatest common divisor of r and 2.
2
Let s be ((-168)/7)/(6/(-8)). Calculate the greatest common divisor of s and 128.
32
Let n = 544 + -515. Calculate the highest common divisor of n and 29.
29
Let q be 40/(-25)*-5 - -3. What is the greatest common factor of 33 and q?
11
Suppose 4*d = 5*d - 4. Let y be (1/2)/((-10)/(-60)). Suppose 2*m + y = 5*m. What is the greatest common factor of m and d?
1
Let f(d) = 27 - 96 + d + 16 + 21 + 25. Suppose 2*o - 15 = -2*x + 13, 66 = 5*x + 3*o. Let t be f(x). Calculate the highest common factor of t and 25.
5
Suppose 3*s - 9 - 27 = 0. Suppose -q + 71*z - 66*z = -76, -4*q + 274 = -5*z. What is the greatest common divisor of s and q?
6
Let j = -879 - -928. Calculate the greatest common factor of 28 and j.
7
Suppose 8*a - 376 = -280. What is the greatest common factor of 150 and a?
6
Let d(j) = j**3 - 6*j**2 - 7*j + 1. Let t(u) = u - 1. Let y be t(8). Let h be d(y). Let z be -1*4*-4 - h. What is the greatest common divisor of 10 and z?
5
Let n(i) = i**3 + 6*i**2 + 5*i + 2. Let s be n(-5). Suppose -j = -s*j + 187. Let x = -31 - -48. Calculate the greatest common factor of j and x.
17
Let a = 461 - 419. Calculate the highest common factor of 266 and a.
14
Let x = -72 + 73. Let r(q) = 9*q**2 - 2*q + 2. Let s be r(x). What is the highest common factor of 18 and s?
9
Let x(b) = b**3 - 12*b**2 + 16*b - 27. Let f be x(11). Calculate the highest common factor of f and 16.
4
Let o = -102 + 124. Suppose 0 = 5*q + 25, -d - 2*d + 584 = 2*q. Calculate the greatest common divisor of o and d.
22
Let k be (2 + -2 + 1)*5. Suppose -468 = -k*x - 8*x. What is the highest common factor of x and 324?
36
Let h be (-1)/(1/(-3) - 0). Let m(b) = -18*b. Let c be m(-4). Suppose d - c = -h*d. What is the highest common divisor of d and 54?
18
Suppose -17*r + 550 = -12*r. Let f be 32/(-40)*25/(-2). What is the highest common factor of f and r?
10
Suppose 38*j - 72 - 80 = 0. What is the highest common divisor of j and 164?
4
Let r(h) = -h**3 + 7*h**2 + 4. Let y be r(3). Let f(s) = -s**2 + 5 - y*s + 30*s + 2. Let o be f(-10). What is the highest common factor of o and 21?
7
Suppose -8*w = -6*w - 40. Suppose 799 = 5*n - 0*n - j, 4*j = n - 156. Calculate the highest common factor of n and w.
20
Suppose 3*q - 23 = -5*o, -o + 2*q - 1 = -3*q. Suppose -i - 195 = -o*i. What is the greatest common divisor of i and 13?
13
Let o = -215 - -435. Suppose 3*c - 5*k - 95 = 0, -5*c + 0*c - 4*k = -o. Calculate the highest common factor of 10 and c.
10
Suppose 5*r + 0*r - 40 = -3*j, -j + 18 = -3*r. Let o be 24*j*1/6. Suppose 8*c + o = 13*c. What is the highest common factor of 132 and c?
12
Suppose -8*q + 10 = -3*q. Suppose 0 = 3*n + 5*z - 11, -11 = -5*n - 3*z + 2. Let v be (-9)/(-18) - (-31)/n. Calculate the highest common factor of v and q.
2
Let n = 51 - 33. Let c(y) = -4*y - 28. Let u be c(-7). Suppose 2*l - 303 + 15 = u. What is the highest common divisor of n and l?
18
Let z be (-2)/(-16) + 2793/56. Let f(v) = -9*v - 26. Let p be f(-14). What is the greatest common divisor of p and z?
50
Let b(x) = 26*x + 31. Let u(q) = -q**2 - 3*q + 8. Let w be u(-4). Let o be b(w). Calculate the greatest common factor of 15 and o.
15
Suppose -4440 = 88*g - 96*g. What is the greatest common divisor of g and 74?
37
Let u = 684 - 671. Suppose 0 = 4*b + 2*d - 314, 1 = -3*d + 4. What is the highest common factor of b and u?
13
Suppose -476 = 8*n - 3996. What is the greatest common divisor of n and 280?
40
Let m be 1418/8 - 20/16. Suppose 4*t - 16 = 3*t. What is the greatest common factor of m and t?
16
Let s = -537 + 556. Calculate the highest common factor of s and 1501.
19
Let p = -47 - -47. Suppose 0 = -p*x + 4*x + b - 63, 0 = 3*x - 2*b - 39. Let v be (-50)/((-4)/(-3) + -2). What is the greatest common factor of v and x?
15
Let f(b) = 9*b - 5. Let c be f(2). Let j(g) = g**2 - 12*g - 5. Let r be j(c). Calculate the greatest common divisor of r and 12.
4
Suppose f + 4*k = 3*k + 259, k + 765 = 3*f. Suppose 0 = 12*y - 8*y - f. What is the highest common divisor of y and 8?
8
Suppose -7*o - 1990 = -12*o. Suppose 385 = 4*s - 5*z, 2*z = -3*s + o - 115. Calculate the highest common factor of 5 and s.
5
Let u(m) = -7*m - 69. Let y be u(-12). What is the greatest common factor of 555 and y?
15
Let k = -82 + 120. Suppose 0 = 2*f - k + 10. Calculate the greatest common factor of f and 28.
14
Let r be (